
Convert -313421 (base 6) to base 15.
-7804
What is -22320 (base 15) in base 14?
-2b889
-46655 (base 9) to base 11
-21452
Convert 1582786 (base 9) to base 14.
18d245
Convert -21252201 (base 7) to base 2.
-110111010001011000011
What is -20010000101011 (base 3) in base 16?
-318f61
Convert -13655557 (base 8) to base 11.
-182a864
Convert 6501 (base 14) to base 11.
1211a
2212020101010 (base 3) to base 5
342121423
13011455 (base 6) to base 8
1467333
Convert -1000265 (base 7) to base 12.
-58202
324307 (base 8) to base 3
12112011112
What is 10120210120 (base 3) in base 2?
10001001110100110
Convert c5aed (base 16) to base 15.
10eda9
What is -113303332 (base 4) in base 16?
-17cfe
What is -103130020010 (base 4) in base 9?
-10526275
What is -10211220111212 (base 3) in base 7?
-23245511
-703243 (base 8) to base 10
-231075
What is 11253 (base 6) in base 12?
b29
Convert 138459 (base 10) to base 6.
2545003
What is -5640446 (base 8) in base 5?
-342232011
Convert -1156111 (base 8) to base 3.
-121011221200
What is 25774210 (base 8) in base 9?
11756400
What is -fca4 (base 16) in base 2?
-1111110010100100
What is 1152151 (base 6) in base 2?
1110111111100011
Convert -10001102011111 (base 3) to base 10.
-1622146
-1100011000011110 (base 2) to base 16
-c61e
Convert -1270d2 (base 15) to base 2.
-11010111111011011111
-65440356 (base 7) to base 14
-a5d29d
What is -123103220 (base 4) in base 14?
-2ca92
-419a9b (base 13) to base 8
-5666534
What is -279a38 (base 11) in base 10?
-437819
Convert 57c09f (base 16) to base 15.
788eb3
What is -4566533 (base 10) in base 14?
-86c28d
Convert -71259 (base 10) to base 13.
-26586
What is -358751 (base 10) in base 2?
-1010111100101011111
-11449024 (base 10) to base 5
-10412332044
Convert 10467660 (base 8) to base 5.
1034204231
Convert -1095515 (base 12) to base 6.
-152111225
What is 1110352153 (base 6) in base 7?
204400245
What is -184d0 (base 16) in base 5?
-11141121
-1560421 (base 8) to base 5
-103411313
2436630 (base 8) to base 6
22215024
What is -671838 (base 9) in base 8?
-1420341
1012001101 (base 3) to base 2
101101101000101
What is 1001001000001011 (base 2) in base 15?
b127
Convert -2130255 (base 6) to base 5.
-11330313
Convert 114422414 (base 7) to base 14.
d3910b
-2102300310 (base 4) to base 7
-5052411
What is -31502055 (base 8) in base 16?
-66842d
2490187 (base 12) to base 8
33224767
What is -52534026 (base 7) in base 2?
-10000111101010111001011
134a00 (base 12) to base 7
2500113
-644464 (base 10) to base 12
-270b54
Convert 165589 (base 15) to base 7.
12122226
291c45 (base 13) to base 11
626292
What is -990618 (base 11) in base 3?
-2222101001121
What is -11d87 (base 16) in base 7?
-423051
-43661 (base 11) to base 12
-307b2
Convert -1442 (base 11) to base 3.
-2112221
Convert 11155222 (base 6) to base 10.
342014
-202030320 (base 5) to base 3
-1112101020012
Convert 11061b (base 12) to base 14.
707c3
What is 1b2c4 (base 13) in base 15?
10b86
What is -1e6c63 (base 16) in base 3?
-10202022000110
Convert 598180 (base 11) to base 3.
1210011020201
Convert -315183 (base 9) to base 4.
-231301311
Convert -1330023323 (base 4) to base 14.
-d3535
What is -220001122 (base 3) in base 2?
-100010010000100
-243127 (base 8) to base 12
-4041b
What is 190581 (base 14) in base 12?
367b59
Convert -164083 (base 11) to base 14.
-68972
What is 220220100 (base 3) in base 6?
220013
Convert -210327 (base 10) to base 14.
-56915
-101002202221 (base 3) to base 2
-110000100011000101
Convert 540045 (base 7) to base 4.
112313220
7269315 (base 10) to base 12
2526943
-152705 (base 8) to base 3
-2210001212
What is -5eddd6 (base 15) in base 14?
-867198
What is -1110110001000010000 (base 2) in base 12?
-1b4014
Convert -24433325 (base 6) to base 12.
-318845
Convert a466 (base 12) to base 4.
10120032
-21202210020 (base 3) to base 14
-3da3c
2002020221010 (base 3) to base 7
12261165
What is 21121120210 (base 3) in base 12?
72893
What is 1402424200 (base 5) in base 11?
2012622
-12144646 (base 7) to base 11
-682709
-2339 (base 12) to base 5
-111213
-4422220 (base 8) to base 9
-2212010
What is 2211510 (base 10) in base 12?
8a7986
3474705 (base 11) to base 15
7ecbd5
What is 11872b9 (base 12) in base 9?
6372056
What is -1234424 (base 7) in base 14?
-42484
Convert 79657d (base 14) to base 3.
21202201122101
Convert -10210020111221 (base 3) to base 12.
-810714
What is 2504158 (base 9) in base 15?
1bd4a2
What is 3ea4d (base 15) in base 12?
986b4
Convert 3600b (base 13) to base 9.
160562
What is -1040112303 (base 5) in base 7?
-25202132
-2343455 (base 7) to base 15
-5cd28
-335542 (base 7) to base 15
-129e4
Convert 1113203213 (base 4) to base 11.
225499
What is 2dc9e (base 15) in base 12?
71772
What is 2a79d2 (base 15) in base 5?
1011111342
Convert -52808 (base 9) to base 16.
-8867
-361784 (base 12) to base 7
-10266241
What is 3aebe (base 16) in base 5?
30210332
What is 1421000320 (base 5) in base 3?
20221100102020
What is 10810 (base 9) in base 4?
1300302
-5a782c (base 13) to base 8
-10170374
22423301 (base 5) to base 2
110001001111100101
Convert -101111011110100000100 (base 2) to base 8.
-5736404
-3312001203 (base 4) to base 11
-629125
What is -4a4acb (base 13) in base 6?
-102103203
Convert -621320 (base 10) to base 15.
-c4165
What is 149b6 (base 16) in base 11?
58463
Convert 2301188 (base 10) to base 6.
121153352
What is -121232141 (base 6) in base 14?
-44059b
What is 14a208 (base 13) in base 15?
a071d
Convert 11001001110000000001101 (base 2) to base 10.
6610957
What is -10102431 (base 5) in base 4?
-103323100
40432210 (base 5) to base 10
327180
-8d95b1 (base 15) to base 7
-111333265
Convert 33167442 (base 8) to base 9.
14381010
377402 (base 11) to base 15
bb663
-5834c (base 14) to base 10
-214688
8cdda6 (base 15) to base 12
2306440
Convert -1576238 (base 11) to base 4.
-22100021110
Convert 1110010000001011100001 (base 2) to base 3.
21000211020002
Convert -18011 (base 10) to base 8.
-43133
1965a1 (base 11) to base 14
7bc54
Convert -272795 (base 12) to base 14.
-12bd05
Convert 1a4023 (base 13) to base 7.
5441606
Convert -1031244401 (base 5) to base 14.
-418420
What is -c9946 (base 13) in base 15?
-72d24
What is 20713812 (base 9) in base 4?
212012221100
Convert -b6dd9 (base 16) to base 6.
-24015401
62c601 (base 13) to base 5
1042443014
Convert 4520260 (base 9) to base 16.
25252b
-315618 (base 10) to base 14
-83042
Convert -202031102 (base 4) to base 5.
-13440424
54346 (base 10) to base 2
1101010001001010
What is -200130004 (base 5) in base 12?
-31b012
11110001000000111 (base 2) to base 15
26869
2d154 (base 14) to base 10
112774
-20313333 (base 4) to base 9
-54770
What is -421cc4 (base 16) in base 14?
-80adb6
What is 22155373 (base 8) in base 6?
250200511
What is -14722 (base 10) in base 13?
-6916
-320524 (base 7) to base 2
-1101100010111110
10020014232 (base 5) to base 2
100101110110100111111011
Convert -3d3c0 (base 16) to base 13.
-8a217
-1446762 (base 8) to base 14
-aa802
What is 1110100111110101100 (base 2) in base 4?
1310332230
What is -1631422 (base 10) in base 7?
-16603222
Convert 501240534 (base 6) to base 3.
120221002201111
c60ca (base 13) to base 2
1010110111011110000
Convert 10222 (base 16) to base 13.
24103
10cd04 (base 14) to base 6
20142104
Convert -2d96b (base 16) to base 2.
-101101100101101011
6152301 (base 8) to base 10
1627329
Convert -1202012212121 (base 3) to base 8.
-3427147
What is 316073 (base 10) in base 15?
639b8
What is 152604 (base 8) in base 6?
1101020
1360408 (base 12) to base 7
44534204
Convert 210120221211 (base 3) to base 16.
67c0f
-11330303213 (base 5) to base 14
-1a5ca48
Convert -1320213011 (base 4) to base 5.
-111302041
25da5a (base 14) to base 16
13eb60
What is 1110101011110000011111 (base 2) in base 12?
13576a7
What is 22266 (base 12) in base 3?
2022010120
-334534043 (base 6) to base 3
-102111100220000
What is 2011021333 (base 4) in base 14?
102a99
98864 (base 11) to base 16
2305f
What is 2224ae (base 15) in base 12?
666032
Convert -211000212122 (base 3) to base 9.
-730778
Convert 356126 (base 9) to base 3.
101220010220
Convert -12413b (base 14) to base 10.
-625881
Convert -238002 (base 12) to base 7.
-4606406
Convert 4032120 (base 6) to base 11.
12054a
1372784 (base 13) to base 9
12507122
edc7 (base 15) to base 16
c4ba
What is 1011000001011